{"id":1314,"date":"2023-12-08T21:02:13","date_gmt":"2023-12-08T21:02:13","guid":{"rendered":"https:\/\/webpeti.hu\/krauszivett\/?page_id=1314"},"modified":"2023-12-08T21:02:29","modified_gmt":"2023-12-08T21:02:29","slug":"impresszum","status":"publish","type":"page","link":"https:\/\/webpeti.hu\/krauszivett\/impresszum\/","title":{"rendered":"Impresszum"},"content":{"rendered":"<p>C\u00e9gn\u00e9v: Krausz Ivett E.V.<\/p>\n<p>C\u00edm: 8060 M\u00f3r, \u00c1rki u. 18.<\/p>\n<p>Telefon: +36 20 464 0465<\/p>\n<p>E-mail: krauszivett.pszi@gmail.com<\/p>\n<p>Internet: https:\/\/webpeti.hu\/krauszivett\/<\/p>\n<p>A c\u00e9get bejegyz\u0151 hat\u00f3s\u00e1g: Korm\u00e1nyablak M\u00f3r<\/p>\n<p>Nyilv\u00e1ntart\u00e1si sz\u00e1m: 56383085<\/p>\n<p>Ad\u00f3sz\u00e1m: 57732413-1-27<\/p>\n<p>Kamara: Fej\u00e9r V\u00e1rmegyei Kereskedelmi \u00e9s Iparkamara<\/p>\n<p>T\u00e1rhelyszolg\u00e1ltat\u00f3: Sybell Informatika Kft. (1158 Budapest, K\u00e9sm\u00e1rk u 7\/b., hello@sybell.hu)<\/p>\n<p>&nbsp;<\/p>\n<p>&nbsp;<\/p>\n<p>&nbsp;<\/p>\n","protected":false},"excerpt":{"rendered":"<p>C\u00e9gn\u00e9v: Krausz Ivett E.V. C\u00edm: 8060 M\u00f3r, \u00c1rki u. 18. Telefon: +36 20 464 0465 E-mail: krauszivett.pszi@gmail.com Internet: https:\/\/webpeti.hu\/krauszivett\/ A c\u00e9get bejegyz\u0151 hat\u00f3s\u00e1g: Korm\u00e1nyablak M\u00f3r Nyilv\u00e1ntart\u00e1si sz\u00e1m: 56383085 Ad\u00f3sz\u00e1m: 57732413-1-27 Kamara: Fej\u00e9r V\u00e1rmegyei Kereskedelmi \u00e9s Iparkamara T\u00e1rhelyszolg\u00e1ltat\u00f3: Sybell Informatika Kft. (1158 Budapest, K\u00e9sm\u00e1rk u 7\/b., hello@sybell.hu) &nbsp; &nbsp; &nbsp;<\/p>\n","protected":false},"author":1,"featured_media":0,"parent":0,"menu_order":0,"comment_status":"closed","ping_status":"closed","template":"","meta":{"_acf_changed":false,"footnotes":""},"class_list":["post-1314","page","type-page","status-publish","hentry"],"acf":[],"yoast_head":"<!-- This site is optimized with the Yoast SEO Premium plugin v25.4 (Yoast SEO v25.5) - https:\/\/yoast.com\/wordpress\/plugins\/seo\/ -->\n<title>Impresszum - Krausz Ivett<\/title>\n<meta name=\"robots\" content=\"index, follow, max-snippet:-1, max-image-preview:large, max-video-preview:-1\" \/>\n<link rel=\"canonical\" href=\"https:\/\/webpeti.hu\/krauszivett\/impresszum\/\" \/>\n<meta property=\"og:locale\" content=\"hu_HU\" \/>\n<meta property=\"og:type\" content=\"article\" \/>\n<meta property=\"og:title\" content=\"Impresszum\" \/>\n<meta property=\"og:description\" content=\"C\u00e9gn\u00e9v: Krausz Ivett E.V. C\u00edm: 8060 M\u00f3r, \u00c1rki u. 18. Telefon: +36 20 464 0465 E-mail: krauszivett.pszi@gmail.com Internet: https:\/\/webpeti.hu\/krauszivett\/ A c\u00e9get bejegyz\u0151 hat\u00f3s\u00e1g: Korm\u00e1nyablak M\u00f3r Nyilv\u00e1ntart\u00e1si sz\u00e1m: 56383085 Ad\u00f3sz\u00e1m: 57732413-1-27 Kamara: Fej\u00e9r V\u00e1rmegyei Kereskedelmi \u00e9s Iparkamara T\u00e1rhelyszolg\u00e1ltat\u00f3: Sybell Informatika Kft. (1158 Budapest, K\u00e9sm\u00e1rk u 7\/b., hello@sybell.hu) &nbsp; &nbsp; &nbsp;\" \/>\n<meta property=\"og:url\" content=\"https:\/\/webpeti.hu\/krauszivett\/impresszum\/\" \/>\n<meta property=\"og:site_name\" content=\"Krausz Ivett\" \/>\n<meta property=\"article:publisher\" content=\"https:\/\/www.facebook.com\/krauszivettpszichologus\/\" \/>\n<meta property=\"article:modified_time\" content=\"2023-12-08T21:02:29+00:00\" \/>\n<meta name=\"twitter:card\" content=\"summary_large_image\" \/>\n<script type=\"application\/ld+json\" class=\"yoast-schema-graph\">{\"@context\":\"https:\/\/schema.org\",\"@graph\":[{\"@type\":\"WebPage\",\"@id\":\"https:\/\/webpeti.hu\/krauszivett\/impresszum\/\",\"url\":\"https:\/\/webpeti.hu\/krauszivett\/impresszum\/\",\"name\":\"Impresszum - Krausz Ivett\",\"isPartOf\":{\"@id\":\"https:\/\/webpeti.hu\/krauszivett\/#website\"},\"datePublished\":\"2023-12-08T21:02:13+00:00\",\"dateModified\":\"2023-12-08T21:02:29+00:00\",\"breadcrumb\":{\"@id\":\"https:\/\/webpeti.hu\/krauszivett\/impresszum\/#breadcrumb\"},\"inLanguage\":\"hu\",\"potentialAction\":[{\"@type\":\"ReadAction\",\"target\":[\"https:\/\/webpeti.hu\/krauszivett\/impresszum\/\"]}]},{\"@type\":\"BreadcrumbList\",\"@id\":\"https:\/\/webpeti.hu\/krauszivett\/impresszum\/#breadcrumb\",\"itemListElement\":[{\"@type\":\"ListItem\",\"position\":1,\"name\":\"Kezd\u0151lap\",\"item\":\"https:\/\/webpeti.hu\/krauszivett\/\"},{\"@type\":\"ListItem\",\"position\":2,\"name\":\"Impresszum\"}]},{\"@type\":\"WebSite\",\"@id\":\"https:\/\/webpeti.hu\/krauszivett\/#website\",\"url\":\"https:\/\/webpeti.hu\/krauszivett\/\",\"name\":\"Krausz Ivett\",\"description\":\"Krausz Ivett pszichol\u00f3gus\",\"publisher\":{\"@id\":\"https:\/\/webpeti.hu\/krauszivett\/#organization\"},\"potentialAction\":[{\"@type\":\"SearchAction\",\"target\":{\"@type\":\"EntryPoint\",\"urlTemplate\":\"https:\/\/webpeti.hu\/krauszivett\/?s={search_term_string}\"},\"query-input\":{\"@type\":\"PropertyValueSpecification\",\"valueRequired\":true,\"valueName\":\"search_term_string\"}}],\"inLanguage\":\"hu\"},{\"@type\":\"Organization\",\"@id\":\"https:\/\/webpeti.hu\/krauszivett\/#organization\",\"name\":\"Krausz Ivett\",\"url\":\"https:\/\/webpeti.hu\/krauszivett\/\",\"logo\":{\"@type\":\"ImageObject\",\"inLanguage\":\"hu\",\"@id\":\"https:\/\/webpeti.hu\/krauszivett\/#\/schema\/logo\/image\/\",\"url\":\"https:\/\/webpeti.hu\/krauszivett\/wp-content\/uploads\/2023\/09\/IMG_1235-scaled.webp\",\"contentUrl\":\"https:\/\/webpeti.hu\/krauszivett\/wp-content\/uploads\/2023\/09\/IMG_1235-scaled.webp\",\"width\":1707,\"height\":2560,\"caption\":\"Krausz Ivett\"},\"image\":{\"@id\":\"https:\/\/webpeti.hu\/krauszivett\/#\/schema\/logo\/image\/\"},\"sameAs\":[\"https:\/\/www.facebook.com\/krauszivettpszichologus\/\"]}]}<\/script>\n<!-- \/ Yoast SEO Premium plugin. -->","yoast_head_json":{"title":"Impresszum - Krausz Ivett","robots":{"index":"index","follow":"follow","max-snippet":"max-snippet:-1","max-image-preview":"max-image-preview:large","max-video-preview":"max-video-preview:-1"},"canonical":"https:\/\/webpeti.hu\/krauszivett\/impresszum\/","og_locale":"hu_HU","og_type":"article","og_title":"Impresszum","og_description":"C\u00e9gn\u00e9v: Krausz Ivett E.V. C\u00edm: 8060 M\u00f3r, \u00c1rki u. 18. Telefon: +36 20 464 0465 E-mail: krauszivett.pszi@gmail.com Internet: https:\/\/webpeti.hu\/krauszivett\/ A c\u00e9get bejegyz\u0151 hat\u00f3s\u00e1g: Korm\u00e1nyablak M\u00f3r Nyilv\u00e1ntart\u00e1si sz\u00e1m: 56383085 Ad\u00f3sz\u00e1m: 57732413-1-27 Kamara: Fej\u00e9r V\u00e1rmegyei Kereskedelmi \u00e9s Iparkamara T\u00e1rhelyszolg\u00e1ltat\u00f3: Sybell Informatika Kft. (1158 Budapest, K\u00e9sm\u00e1rk u 7\/b., hello@sybell.hu) &nbsp; &nbsp; &nbsp;","og_url":"https:\/\/webpeti.hu\/krauszivett\/impresszum\/","og_site_name":"Krausz Ivett","article_publisher":"https:\/\/www.facebook.com\/krauszivettpszichologus\/","article_modified_time":"2023-12-08T21:02:29+00:00","twitter_card":"summary_large_image","schema":{"@context":"https:\/\/schema.org","@graph":[{"@type":"WebPage","@id":"https:\/\/webpeti.hu\/krauszivett\/impresszum\/","url":"https:\/\/webpeti.hu\/krauszivett\/impresszum\/","name":"Impresszum - Krausz Ivett","isPartOf":{"@id":"https:\/\/webpeti.hu\/krauszivett\/#website"},"datePublished":"2023-12-08T21:02:13+00:00","dateModified":"2023-12-08T21:02:29+00:00","breadcrumb":{"@id":"https:\/\/webpeti.hu\/krauszivett\/impresszum\/#breadcrumb"},"inLanguage":"hu","potentialAction":[{"@type":"ReadAction","target":["https:\/\/webpeti.hu\/krauszivett\/impresszum\/"]}]},{"@type":"BreadcrumbList","@id":"https:\/\/webpeti.hu\/krauszivett\/impresszum\/#breadcrumb","itemListElement":[{"@type":"ListItem","position":1,"name":"Kezd\u0151lap","item":"https:\/\/webpeti.hu\/krauszivett\/"},{"@type":"ListItem","position":2,"name":"Impresszum"}]},{"@type":"WebSite","@id":"https:\/\/webpeti.hu\/krauszivett\/#website","url":"https:\/\/webpeti.hu\/krauszivett\/","name":"Krausz Ivett","description":"Krausz Ivett pszichol\u00f3gus","publisher":{"@id":"https:\/\/webpeti.hu\/krauszivett\/#organization"},"potentialAction":[{"@type":"SearchAction","target":{"@type":"EntryPoint","urlTemplate":"https:\/\/webpeti.hu\/krauszivett\/?s={search_term_string}"},"query-input":{"@type":"PropertyValueSpecification","valueRequired":true,"valueName":"search_term_string"}}],"inLanguage":"hu"},{"@type":"Organization","@id":"https:\/\/webpeti.hu\/krauszivett\/#organization","name":"Krausz Ivett","url":"https:\/\/webpeti.hu\/krauszivett\/","logo":{"@type":"ImageObject","inLanguage":"hu","@id":"https:\/\/webpeti.hu\/krauszivett\/#\/schema\/logo\/image\/","url":"https:\/\/webpeti.hu\/krauszivett\/wp-content\/uploads\/2023\/09\/IMG_1235-scaled.webp","contentUrl":"https:\/\/webpeti.hu\/krauszivett\/wp-content\/uploads\/2023\/09\/IMG_1235-scaled.webp","width":1707,"height":2560,"caption":"Krausz Ivett"},"image":{"@id":"https:\/\/webpeti.hu\/krauszivett\/#\/schema\/logo\/image\/"},"sameAs":["https:\/\/www.facebook.com\/krauszivettpszichologus\/"]}]}},"_links":{"self":[{"href":"https:\/\/webpeti.hu\/krauszivett\/wp-json\/wp\/v2\/pages\/1314","targetHints":{"allow":["GET"]}}],"collection":[{"href":"https:\/\/webpeti.hu\/krauszivett\/wp-json\/wp\/v2\/pages"}],"about":[{"href":"https:\/\/webpeti.hu\/krauszivett\/wp-json\/wp\/v2\/types\/page"}],"author":[{"embeddable":true,"href":"https:\/\/webpeti.hu\/krauszivett\/wp-json\/wp\/v2\/users\/1"}],"replies":[{"embeddable":true,"href":"https:\/\/webpeti.hu\/krauszivett\/wp-json\/wp\/v2\/comments?post=1314"}],"version-history":[{"count":2,"href":"https:\/\/webpeti.hu\/krauszivett\/wp-json\/wp\/v2\/pages\/1314\/revisions"}],"predecessor-version":[{"id":1316,"href":"https:\/\/webpeti.hu\/krauszivett\/wp-json\/wp\/v2\/pages\/1314\/revisions\/1316"}],"wp:attachment":[{"href":"https:\/\/webpeti.hu\/krauszivett\/wp-json\/wp\/v2\/media?parent=1314"}],"curies":[{"name":"wp","href":"https:\/\/api.w.org\/{rel}","templated":true}]}}